(a) = 6*i(a) + 7*q(a). What is k(-41)?
4
Let f(r) = 87*r - 739. Let o(n) = -52*n + 743. Let z(x) = -2*f(x) - 3*o(x). Give z(-42).
5
Let r(i) be the third derivative of -i**6/120 - i**5/12 - i**4/12 - i**3/3 - 7*i**2. Let l be -2 - -9 - (-12)/(8 - 9). Determine r(l).
8
Let h(c) = -c**3 - 50*c**2 - 271*c - 14. Let a be h(-6). Let f(w) = -w**3 + 23*w**2 + 140*w + 1. What is f(a)?
1
Let q(i) = -4*i - 2*i**2 + 5*i + 0*i + i**3 + 6*i**2. Suppose 9*k = -6*k + 420. Suppose 10 = 6*v + k. Give q(v).
6
Suppose -f - 127*w + 8 = -132*w, -f = w + 22. Let p(q) = -19*q - 325. Determine p(f).
-2
Let d(x) be the first derivative of 7/2*x**2 - 59 - 1/3*x**3 + 5*x. Suppose -m - 4*g - 1 = -19, -2*g = -6. Determine d(m).
11
Let m(w) = w**2 - w + 2. Let k = -896 + 901. Suppose 5*z - 25 = 0, 0 = -8*f + 3*f - k*z + 35. What is m(f)?
4
Suppose -5*q = -4*n - 105, -91 + 11 = -4*q + 4*n. Let z(f) = -3*f + 37 - q + f**2 - 13 + 6*f. Let d be -3*(-1)/(2 - 3). Determine z(d).
-1
Let a(y) = -y - 15. Let x(z) = 6*z + 79. Let l(o) = 11*a(o) + 2*x(o). Suppose -7*c + 9 - 2 = 0. Let f be c*(-45)/(-5) + -3. Calculate l(f).
-1
Suppose 3*z - 994 = -7*r + 3*r, -2*z - 1004 = -4*r. Let o = -244 + r. Let g(s) = -2*s**2 + 6*s + s**2 - 2 - 3. Give g(o).
-5
Let i(u) = -805*u + 4032. Let w be i(5). Let h(q) be the third derivative of -q**5/60 + 3*q**4/8 - 5*q**3/6 - q**2. What is h(w)?
9
Let x(y) = -2*y**2 - 8*y - 3. Let f(w) = -7*w**3 + w - 1. Let d be f(-2). Suppose 5*b + 4*s + 17 = -23, 4*b + d = s. Let z be 2*(b/(-8) + -4). Determine x(z).
-13
Let h = 181 - 174. Let d(q) = 6 - 13*q**3 + 5*q + 18*q**3 + 6*q**2 + 0*q - 6*q**3. Calculate d(h).
-8
Let q(k) = -11*k**2 - 7*k + 9. Let a(h) be the second derivative of 3*h**4/4 + h**3 - 4*h**2 + 9*h + 3. Let j(r) = 6*a(r) + 5*q(r). Determine j(4).
-15
Let b(t) = -15 - t**3 + 18*t - 27*t - 15*t**2 - 31*t + 24*t - 30*t. Determine b(-11).
7
Let r = 67 - 63. Let o be (r/8)/((-1)/2). Let n(g) = 2*g**3 - g**2 + 1. Let i(a) = 3*a**3 - 13*a**2 - 10*a - 7. Let b(m) = o*i(m) + 2*n(m). Determine b(-10).
9
Let w(q) = -5*q - 4. Let o(g) = 19*g - 7. Let p(k) = -o(k) - 4*w(k). What is p(-15)?
8
Let u = 37 + -34. Let w be 8 + u + 1*-4. Suppose 7*p + w - 14 = 0. Let a(g) = 8*g**2 + 2*g - 1. Give a(p).
9
Let h(z) = 7 + 14433*z + 20*z**2 + 41 - z**3 - 14436*z. What is h(20)?
-12
Let u(f) = -f**3 + 8*f**2 + f - 7. Let j be (0/(-1 - 2))/1. Let s be (117/13 - 1)/2. Suppose -m = -s*y + 37, j - 5 = m. Give u(y).
1
Suppose r = -5*j - 26, -2*r - 12 = 824*j - 822*j. Let i(x) = 81*x**2 - 3*x - 2. What is i(r)?
82
Suppose 29*x - 35*x = 216. Let r = x + 34. Let w = -1 + r. Let n(k) = -k + 1. Calculate n(w).
4
Suppose -5*v + 169 = 4*o, 5*v + 35*o - 127 = 38*o. Let i(q) = q**3 - 29*q**2 + 2*q - 59. Give i(v).
-1
Let x(c) be the third derivative of 0 - 5/12*c**4 - 13/6*c**3 + 0*c - 64*c**2 + 1/60*c**5. Give x(11).
-2
Let g(w) = 10*w**2 - 10 - 4 + 100*w + 42 - 22. Give g(-10).
6
Let g(s) be the first derivative of s**3/3 - s**2/2 - 6*s + 5697. Give g(-2).
0
Let j = -9422 + 9439. Suppose -5*n = -20, 2*n - 8 = -4*d + 8. Let p(y) = 33 - j + 10*y**d - 17 + 2*y - 4*y. Determine p(-1).
11
Suppose 173*q - 15*q = 704 + 718. Let x(f) = -f**2 + 4*f + 48. Calculate x(q).
3
Let t = 29 - 24. Let y(k) = k**2 - k + 4. Let s(z) = z**3 - 6*z**2 + 6*z - 16. Let q(g) = t*y(g) + s(g). What is q(-2)?
-10
Let b(u) = u. Let n(a) = 6*a. Let z(s) be the third derivative of -s**4/3 + 11*s**3/6 - 10*s**2. Let t be z(2). Let p(y) = t*b(y) + n(y). Give p(2).
2
Let o(r) = -2*r - 5. Let b(d) = 47*d + 311. Let k(z) = -b(z) + 4*o(z). Give k(-6).
-1
Let w = -8488 + 8481. Let o(j) = 9*j + 38. Give o(w).
-25
Let n be 84/(-72) + (-1 + 1 - 15/18). Let k(d) be the first derivative of 2 + 0*d**3 + 3/4*d**4 + 0*d + d**2. Give k(n).
-28
Let n(k) = -k - 9. Suppose 117*u - 114*u + 51 = 0. Let o be (-1)/(-1) - ((-5 - u) + 0). Give n(o).
2
Let i(g) = -9*g + 4. Let v be (-1)/4 + (-28)/(-112). What is i(v)?
4
Let b be (-51)/(-6 - (-9 + 4)). Let m = -52 + b. Let z(p) = 32*p**3 - 2*p**2 - 2*p - 1. Determine z(m).
-33
Let p(v) = -v - 5. Let h be p(-4). Let r(n) = 6*n**3 + 23*n + 6. Let x(s) = -24*s**3 - 88*s - 23. Let b(d) = -23*r(d) - 6*x(d). Determine b(h).
-5
Let w be 1/(-3) - (-1224)/(-216). Let f(p) = -2*p**2 - 23*p - 65. Let u be f(w). Let b(a) = -12*a - 1. Give b(u).
-13
Let t(p) = -2*p - 34. Suppose -3*d = r + 31, -77*r - 67 = 4*d - 72*r. Determine t(d).
-18
Let n(v) = -v**3 + 16*v**2 - 13*v - 18. Let r = -7230 + 7245. What is n(r)?
12
Let b(n) = -n**2 - n - 1. Let w be b(0). Let r(l) = 66*l + 0*l - 57*l - 2*l. Determine r(w).
-7
Let g be 19/7 + (28/(-49))/(-2). Suppose -2*h = -n + 16, -g*h + n - 9 - 14 = 0. Let u(d) = -d**3 - 6*d**2 + 7*d + 4. Give u(h).
4
Suppose 14 = 3*s - w, 3*w = -4*s - 2*w - 13. Let v(u) be the third derivative of -u**4/12 - u**3/6 - 28*u**2. Give v(s).
-7
Let j(w) = 1 - 10 + 5 - 3*w. Let o(f) = -f + 15. Suppose 4*y - 33 = 39. Let h be o(y). Calculate j(h).
5
Let q(s) = -s**2 - 16*s - 70. Let v be q(-9). Let y(t) = -5 + t + 2 + 14. Determine y(v).
4
Let w = 302 - 299. Let g(a) = -2*a**2 + a**w + 601 - 596 + 9*a**2. Let l be -3 - -6*(-6)/9. What is g(l)?
5
Let b(j) be the second derivative of 11*j**3 + 457*j**2/2 + 6*j + 97. Calculate b(-7).
-5
Suppose 5*k + 82 = -143. Let p = k - -40. Let u(h) = -39208 - h + 39208. Determine u(p).
5
Let u = -491 - -493. Suppose 5 = 3*x - u*x. Let f(z) = z**2 - 7*z + 9. Determine f(x).
-1
Let i(l) = 38*l + 1067 - 742 - 329. What is i(1)?
34
Let a(b) = b**3 - 4*b**2 - b + 3. Let q be ((-12)/(-7) - 2) + 47/(-7). Let c be ((q - -5) + 75)/(-1). Let l = -69 - c. What is a(l)?
-1
Let o(d) be the second derivative of -d**8/6720 + d**6/720 + d**5/20 + d**4/12 + 71*d**2/2 - 35*d. Let i(r) be the third derivative of o(r). What is i(0)?
6
Let y = 13892 - 13899. Let t(z) = -2*z - 26. Calculate t(y).
-12
Let i(l) be the second derivative of l**3/2 + l**2 + 4*l + 272. Give i(-2).
-4
Let r(l) be the third derivative of 11*l**4/12 + l**3/6 + 13*l**2. Suppose 51*u - 4 + 0 = 47. Give r(u).
23
Let k(y) = -9 - y**2 + 2696*y + 9 - 2701*y + 3. Determine k(4).
-33
Let v = 13549 - 13564. Let r(t) = t**2 + 14*t - 25. Determine r(v).
-10
Let m(f) = -2*f + 7. Let d = -3256 + 3261. Let h(t) = -t**3 + 5*t**2 + 8*t - 8. Let q be h(6). Suppose d*i + 2 = -q*x + 42, -3*x + 35 = 5*i. Calculate m(x).
-3
Let y(b) = -3 + 2 + b + 4*b. Let z = 119 - 111. Suppose -i - i = -z. Determine y(i).
19
Let q(b) = -b**2 - 205*b - 8872. Let m be q(-143). Let g(h) = -h**3 - 5*h**2 + 3*h - 14. Determine g(m).
4
Let b(x) = x**2 - 68 + 104 - 73 - 11*x + 12*x. Calculate b(5).
-7
Let o = -5 + 5. Let c be (6 + -5)*(o + -1). Let z(m) = -9*m + 11. Let g(r) = -r**2 + r. Let f(j) = c*z(j) + g(j). Give f(9).
-2
Let r(u) = -8*u + 121. Let d be r(15). Let z(w) = w**3 - d + 0 - 25*w**2 + 13*w**2 + 0 + 3*w + 8*w**2. Give z(4).
11
Let y(j) = -38*j + 272. Let o(f) = 12*f - 88. Let p(i) = -16*o(i) - 5*y(i). Calculate p(14).
20
Suppose 2*f + 0*r + 3*r = -49, 4*f + 87 = 5*r. Let y = f - -18. Let w(z) = -46*z + 13. Let x(b) = 28*b - 7. Let l(o) = 3*w(o) + 5*x(o). Calculate l(y).
-6
Let c = 187 - 186. Let w(y) = -2*y**3 + 18*y - 3*y + 0 - 3*y**2 - 17*y - c. Determine w(-2).
7
Let v(i) be the third derivative of i**5/60 - 19*i**4/24 + 91*i**3/6 + 6*i**2 + 3*i - 30. What is v(9)?
1
Suppose -3*x = 2*x - j - 18, -x + 18 = -5*j. Let i(l) = -2*l**2 + 130*l**3 - 5*l - 129*l**x + 0*l**2. Suppose -4 = 3*f - 4*f. Calculate i(f).
12
Let x(n) be the third derivative of -n**5/15 - n**4/6 + 4*n**3/3 - 2*n**2 - 2598. Give x(-5).
-72
Let d(h) = h**3 - 4*h**2 - h + 3. Let o be (0/((4 + -2)*-1))/(-3). Suppose -5*c + 83 - 68 = o. Determine d(c).
-9
Suppose 0 = 66*f - 96 + 558. Let s(n) = -4*n**3 - 28*n**2 - 2*n - 7. What is s(f)?
7
Let b(i) = 2 + 1 - i**2 - 4. Let v(p) = 2*p**2 - 5*p + 11. Let x(l) = 3*b(l) + v(l). Let o(t) be the first derivative of x(t). Calculate o(-5).
5
Let x(u) = u + 3. Let d(z) = z**2 + 7*z - 14. Let h be d(-11). Suppose -60 = 34*m - h*m. Let n(q) = -q**2 - 17*q - 33. Let v be n(m). What is x(v)?
0
Suppose -26*q = -18*q - 40. Suppose -4*s = -q*u + s, -5*s = 2*u. Let c(d) = -d - 22. Give c(u).
-22
Let s(j) = j**3 - 6. Suppose -3*r + 2 = 4*f - 19, f = 5*r - 12. Suppose f*o - 6 = h - 4*h, 4*o + 3*h = 6. Give s(o).
-6
Let m(u) = u**2